183
What is -882284 (base 12) in base 4?
-20033130010
1141040 (base 6) to base 14
17b56
1256523 (base 7) to base 9
272126
What is 6032362 (base 7) in base 14?
1482a2
What is 262045 (base 8) in base 15?
1c033
What is -21111330 (base 6) in base 2?
-10010110011000000110
4200234122 (base 5) to base 8
40641454
What is 42b58 (base 16) in base 10?
273240
What is -5753230 (base 8) in base 14?
-2c94a4
What is -1042411 (base 5) in base 11?
-12981
21887ad (base 14) to base 13
33b899a
-11111100011010011 (base 2) to base 4
-133203103
-367909 (base 11) to base 9
-1075485
What is 23055670 (base 9) in base 14?
16b68c4
27571 (base 14) to base 12
48253
Convert 4142544 (base 8) to base 7.
12225253
What is 249403 (base 10) in base 12?
1003b7
What is 1112212200101 (base 3) in base 9?
1485611
What is 1012012011212 (base 3) in base 4?
2122230200
What is 271717 (base 9) in base 15?
33ec7
What is 10044114 (base 7) in base 13?
232b45
-6616060 (base 8) to base 10
-1776688
37063 (base 8) to base 5
1002143
Convert -30133210 (base 6) to base 7.
-10146354
Convert -14875a6 (base 14) to base 4.
-212023132232
What is -201b40 (base 14) in base 6?
-35054444
-2300741 (base 8) to base 13
-18a7a9
Convert -2624522 (base 9) to base 13.
-3b270c
Convert 636246 (base 9) to base 7.
3134442
What is -91b564 (base 12) in base 11?
-1318023
Convert 15452251 (base 6) to base 4.
2012212213
What is -60722 (base 11) in base 14?
-2448d
Convert -116d3 (base 14) to base 3.
-2011022212
What is -2674c6 (base 13) in base 10?
-930169
Convert 577251 (base 11) to base 8.
3377555
c5b520 (base 13) to base 9
8626045
-276005 (base 8) to base 16
-17c05
-20434351 (base 6) to base 12
-2489b7
Convert 14515752 (base 8) to base 11.
1965995
Convert 1c5839 (base 13) to base 7.
6113546
What is 37814 (base 10) in base 14?
dad0
What is -32a41 (base 16) in base 11?
-131929
What is 2043430101 (base 5) in base 12?
1524a4a
What is 122212002011102 (base 3) in base 12?
321723b
Convert 1523712 (base 8) to base 15.
89380
What is -1646358 (base 11) in base 3?
-12021111112002
Convert -91360 (base 11) to base 6.
-2510105
What is -22220210121201 (base 3) in base 10?
-4739680
Convert 5221133 (base 6) to base 8.
753461
Convert -10985a0 (base 11) to base 13.
-520671
What is -13016073 (base 8) in base 14?
-553707
12221a (base 13) to base 6
13141230
-210111222011 (base 3) to base 8
-1473146
What is 5015a (base 15) in base 14?
68507
Convert 543050 (base 9) to base 11.
201242
What is -1615271 (base 9) in base 8?
-3326247
Convert -234201002 (base 6) to base 9.
-8247562
Convert -8773208 (base 10) to base 14.
-124533a
-2011012211 (base 3) to base 7
-234505
Convert 11001211022202 (base 3) to base 2.
1000001111110000111001
What is 1421346 (base 7) in base 4?
232123323
Convert -389296 (base 14) to base 3.
-10122212102211
Convert -1221220133 (base 4) to base 11.
-276088
303144 (base 5) to base 8
23107
b89752 (base 13) to base 10
4333734
16531665 (base 7) to base 5
403340414
Convert 10010110212 (base 3) to base 13.
22052
What is -5081b (base 12) in base 9?
-168745
Convert -14201650 (base 8) to base 4.
-30100032220
Convert 570050 (base 13) to base 12.
8320b5
1424143220 (base 5) to base 15
4dd425
550973 (base 12) to base 6
44530223
-112012110221022 (base 3) to base 11
-4295a37
32b05 (base 16) to base 7
1523211
1220211221 (base 3) to base 2
1001001110100110
What is -100010011111111100 (base 2) in base 11?
-97192
Convert -63378 (base 9) to base 4.
-22032023
200341545 (base 6) to base 7
40541021
What is 2227cb (base 15) in base 7?
16561601
Convert -60160023 (base 7) to base 16.
-4bdfc8
What is 39803 (base 10) in base 16?
9b7b
What is -4712a (base 11) in base 2?
-10000100111000010
Convert -1414331032 (base 5) to base 2.
-1101111111011010111010
Convert -10101010100100001 (base 2) to base 8.
-252441
-cbb041 (base 14) to base 9
-13886186
Convert -168397 (base 13) to base 5.
-120421431
What is 125321024 (base 6) in base 11?
1457526
Convert -692aab (base 15) to base 6.
-255341312
25103b (base 16) to base 4
21101000323
-105bb42 (base 12) to base 5
-1244012211
21021100112 (base 4) to base 11
1398069
-10011011111000101001110 (base 2) to base 13
-109b018
What is -2acc56 (base 16) in base 11?
-1646339
644811 (base 9) to base 12
166354
What is -100011011101101011001010 (base 2) in base 10?
-9296586
-b244bc (base 13) to base 3
-21210220001102
Convert c0605 (base 13) to base 11.
2152a1
What is -1002221222222 (base 3) in base 6?
-20350212
What is -251e2 (base 15) in base 16?
-1cf22
Convert 1329657 (base 12) to base 15.
4ed15a
-111001101101101100 (base 2) to base 13
-837a4
Convert 140363 (base 8) to base 10.
49395
What is -845096 (base 10) in base 11?
-527a2a
What is -44b65 (base 12) in base 10?
-91517
-143041133 (base 5) to base 11
-474544
What is -623713 (base 9) in base 8?
-1323006
Convert -12012001002 (base 3) to base 12.
-4b0b5
What is -7248152 (base 10) in base 2?
-11011101001100100011000
Convert 4191f (base 16) to base 13.
95328
-23454154 (base 6) to base 8
-2642066
What is -60a07 (base 11) in base 7?
-520442
What is 174942 (base 13) in base 16?
8dfcf
-16758a (base 12) to base 5
-44324140
-232121302301 (base 4) to base 2
-101110011001110010110001
Convert -11011110011001101110 (base 2) to base 7.
-10512566
Convert -1133030101 (base 4) to base 10.
-389905
176298 (base 12) to base 13
112301
Convert -a2a22 (base 14) to base 2.
-1011111100111010110
Convert -6261013 (base 8) to base 7.
-20065565
Convert -281c1 (base 15) to base 13.
-46738
Convert -341360 (base 8) to base 12.
-56980
Convert -1033326 (base 7) to base 15.
-27533
Convert -438438 (base 10) to base 12.
-191886
What is 16a72b (base 14) in base 12?
3253ab
Convert -200212131 (base 4) to base 13.
-48a1a
Convert -696 (base 11) to base 14.
-435
-418840 (base 14) to base 10
-2213288
Convert 1e446 (base 15) to base 14.
28041
-252426 (base 9) to base 15
-303a9
453249 (base 11) to base 13
1c3652
-1285815 (base 9) to base 6
-23050022
What is -10110001011010101011011 (base 2) in base 14?
-ab492b
Convert 101110110011001 (base 2) to base 3.
1012212110
Convert 747569 (base 12) to base 4.
13000221201
63282 (base 9) to base 5
2314124
What is 18710 (base 16) in base 15?
1e9e2
-130a344 (base 13) to base 2
-10110101111110111010101
What is -152145344 (base 6) in base 13?
-877693
What is -20632501 (base 9) in base 10?
-9941779
-442151 (base 7) to base 11
-53339
-144350 (base 10) to base 5
-14104400
What is -5374916 (base 10) in base 14?
-9dcb08
59b847 (base 12) to base 4
11202033313
2010011221002 (base 3) to base 5
242004044
What is -2002010220 (base 3) in base 2?
-1001111111100001
Convert -291647 (base 11) to base 9.
-764433
Convert -1332100011 (base 4) to base 7.
-4252440
What is 1101111110110101001100 (base 2) in base 14?
6b5a20
31030022 (base 5) to base 14
67b1d
Convert 100221012012 (base 3) to base 16.
2fbb8
What is 11770658 (base 10) in base 4?
230321230202
What is 1a0bf (base 16) in base 10?
106687
Convert -221122020110 (base 3) to base 6.
-14452150
What is 4388534 (base 9) in base 11?
13733a0
34276455 (base 8) to base 15
9bdb0d
What is -6344536 (base 9) in base 13?
-91b60c
-2a217 (base 12) to base 7
-334120
What is 14631513 (base 8) in base 7?
40343463
-22ad01 (base 14) to base 5
-300314334
Convert 13647211 (base 9) to base 8.
31631141
Convert -165553 (base 13) to base 4.
-2013120331
Convert -100000100100000100000 (base 2) to base 16.
-104820
Convert 2710a (base 14) to base 4.
113133312
100113103 (base 4) to base 11
463a4
What is -66175 (base 11) in base 5?
-11033120
21230103300 (base 4) to base 2
1001101100010011110000
Convert 3267364 (base 9) to base 6.
101355051
845676 (base 12) to base 2
111111100100101111010
Convert 54164 (base 15) to base 16.
412c0
Convert -815113 (base 12) to base 4.
-13231031133
-120123020122 (base 4) to base 10
-6402586
Convert 1586156 (base 10) to base 12.
645ab8
-1034331101 (base 5) to base 10
-2261401
What is -1200000121000 (base 3) in base 16?
-d8597
-742177 (base 10) to base 4
-2311030201
Convert -365673 (base 13) to base 5.
-313003323
Convert 17b0393 (base 12) to base 4.
102322010133
Convert -11011110100110010000110 (base 2) to base 15.
-991326
-242402441 (base 5) to base 3
-2010210212101
10000101101001100 (base 2) to base 10
68428
What is -101341135 (base 6) in base 15?
-24a03e
Wha